{"id":10,"date":"2021-07-01T06:02:59","date_gmt":"2021-07-01T06:02:59","guid":{"rendered":"https:\/\/localhost\/cardealer-sample-data\/?page_id=10"},"modified":"2023-02-05T09:25:44","modified_gmt":"2023-02-05T09:25:44","slug":"home-6","status":"publish","type":"page","link":"https:\/\/kmg-auto.ma\/","title":{"rendered":"Home 6"},"content":{"rendered":"\t\t<div data-elementor-type=\"wp-page\" data-elementor-id=\"10\" class=\"elementor elementor-10\">\n\t\t\t\t\t\t<section class=\"elementor-section elementor-top-section elementor-element elementor-element-40b5 elementor-section-stretched elementor-section-content-middle elementor-section-full_width elementor-section-height-default elementor-section-height-default\" data-id=\"40b5\" data-element_type=\"section\" data-e-type=\"section\" data-settings=\"{&quot;stretch_section&quot;:&quot;section-stretched&quot;}\">\n\t\t\t\t\t\t<div class=\"elementor-container elementor-column-gap-default\">\n\t\t\t\t\t<div class=\"elementor-column elementor-col-50 elementor-top-column elementor-element elementor-element-54ec\" data-id=\"54ec\" data-element_type=\"column\" data-e-type=\"column\">\n\t\t\t<div class=\"elementor-widget-wrap elementor-element-populated\">\n\t\t\t\t\t\t<div class=\"elementor-element elementor-element-4b9f elementor-widget__width-auto elementor-widget elementor-widget-image\" data-id=\"4b9f\" data-element_type=\"widget\" data-e-type=\"widget\" data-widget_type=\"image.default\">\n\t\t\t\t<div class=\"elementor-widget-container\">\n\t\t\t\t\t\t\t\t\t\t\t\t\t\t\t<img fetchpriority=\"high\" decoding=\"async\" width=\"1024\" height=\"1536\" src=\"https:\/\/kmg-auto.ma\/wp-content\/uploads\/2023\/01\/Photo-KABBAJ-mot-du-Fondateur-1024x1536.jpg\" class=\"attachment-1536x1536 size-1536x1536 wp-image-11861\" alt=\"\" srcset=\"https:\/\/kmg-auto.ma\/wp-content\/uploads\/2023\/01\/Photo-KABBAJ-mot-du-Fondateur-1024x1536.jpg 1024w, https:\/\/kmg-auto.ma\/wp-content\/uploads\/2023\/01\/Photo-KABBAJ-mot-du-Fondateur-200x300.jpg 200w, https:\/\/kmg-auto.ma\/wp-content\/uploads\/2023\/01\/Photo-KABBAJ-mot-du-Fondateur-683x1024.jpg 683w, https:\/\/kmg-auto.ma\/wp-content\/uploads\/2023\/01\/Photo-KABBAJ-mot-du-Fondateur-768x1152.jpg 768w, https:\/\/kmg-auto.ma\/wp-content\/uploads\/2023\/01\/Photo-KABBAJ-mot-du-Fondateur-600x900.jpg 600w, https:\/\/kmg-auto.ma\/wp-content\/uploads\/2023\/01\/Photo-KABBAJ-mot-du-Fondateur.jpg 1067w\" sizes=\"(max-width: 1024px) 100vw, 1024px\" \/>\t\t\t\t\t\t\t\t\t\t\t\t\t\t\t<\/div>\n\t\t\t\t<\/div>\n\t\t\t\t\t<\/div>\n\t\t<\/div>\n\t\t\t\t<div class=\"elementor-column elementor-col-50 elementor-top-column elementor-element elementor-element-713e\" data-id=\"713e\" data-element_type=\"column\" data-e-type=\"column\">\n\t\t\t<div class=\"elementor-widget-wrap elementor-element-populated\">\n\t\t\t\t\t\t<div class=\"elementor-element elementor-element-2efd elementor-widget elementor-widget-heading\" data-id=\"2efd\" data-element_type=\"widget\" data-e-type=\"widget\" data-widget_type=\"heading.default\">\n\t\t\t\t<div class=\"elementor-widget-container\">\n\t\t\t\t\t<h3 class=\"elementor-heading-title elementor-size-default\">Mot du fondateur<\/h3>\t\t\t\t<\/div>\n\t\t\t\t<\/div>\n\t\t\t\t<div class=\"elementor-element elementor-element-3df9 elementor-widget elementor-widget-text-editor\" data-id=\"3df9\" data-element_type=\"widget\" data-e-type=\"widget\" data-widget_type=\"text-editor.default\">\n\t\t\t\t<div class=\"elementor-widget-container\">\n\t\t\t\t\t\t\t\t\t<p>Au cours de la prochaine d\u00e9cennie, l&#8217;industrie automobile conna\u00eetra des changements jamais vus depuis plus d&#8217;un si\u00e8cle. Le premier changement qui consiste \u00e0 passer de la technologie du moteur \u00e0 combustion interne \u00e0 l&#8217;\u00e9lectrification, encouragera le d\u00e9veloppement de v\u00e9hicules aliment\u00e9s par batterie et dot\u00e9s de logiciels, de connectivit\u00e9 et de syst\u00e8mes de pointe, notamment des syst\u00e8mes d&#8217;infodivertissement, des ordinateurs performants, des syst\u00e8mes d&#8217;aide \u00e0 la conduite avanc\u00e9s et des groupes motopropulseurs \u00e9lectriques.La r\u00e9cente crise de la cha\u00eene d&#8217;approvisionnement a eu un impact consid\u00e9rable sur l&#8217;industrie automobile, de nombreux constructeurs de voitures neuves ont \u00e9t\u00e9 confront\u00e9s \u00e0 des retards de production et \u00e0 des p\u00e9nuries engendrant une baisse consid\u00e9rable des volumes de production. En cons\u00e9quence, de plus en plus de consommateurs s\u2019orientent vers la voiture d&#8217;occasion comme option plus accessible. La demande de voitures d&#8217;occasion a augment\u00e9 de mani\u00e8re significative au cours des derniers mois. KMG AUTO a \u00e9t\u00e9 cr\u00e9\u00e9e pour r\u00e9pondre \u00e0 une demande de la client\u00e8le aussi diversifi\u00e9e. Nous conseillons les grands Groupes dans la mise en place de leur strat\u00e9gie de mobilit\u00e9 et nous veillons \u00e0 proposer des solutions \u00e0 chaque type de client\u00e8le, Corporate, Professionnels et Particuliers.<\/p>\n<p>Nous sommes en permanence \u00e0 l\u2019\u00e9coute de la demande et nous assurons une veille r\u00e9guli\u00e8re au niveau des diff\u00e9rents \u00e9v\u00e9nements impactant le march\u00e9 de l\u2019automobile.<\/p>\n<p>Notre expertise et notre savoir faire acquis tout au long des 30 ann\u00e9es d\u2019exp\u00e9rience dans le secteur de l\u2019automobile nous permet de pr\u00e9tendre \u00e0 \u00eatre votre expert qui pourra vous apporter la solution compl\u00e8te pour votre besoin de mobilit\u00e9.<\/p>\n<p><strong>Khalid KABBAJ <\/strong><\/p>\n<p><strong>Consultant Expert<\/strong><\/p>\n<p><strong>M\u00e9tiers de l\u2019Automobile<\/strong><\/p>\t\t\t\t\t\t\t\t<\/div>\n\t\t\t\t<\/div>\n\t\t\t\t\t<\/div>\n\t\t<\/div>\n\t\t\t\t\t<\/div>\n\t\t<\/section>\n\t\t\t\t<\/div>\n\t\t","protected":false},"excerpt":{"rendered":"<p>Mot du fondateur Au cours de la prochaine d\u00e9cennie, l&#8217;industrie automobile conna\u00eetra des changements jamais vus depuis plus d&#8217;un si\u00e8cle. Le premier changement qui consiste \u00e0 passer de la technologie du moteur \u00e0 combustion interne \u00e0 l&#8217;\u00e9lectrification, encouragera le d\u00e9veloppement de v\u00e9hicules aliment\u00e9s par batterie et dot\u00e9s de logiciels, de connectivit\u00e9 et de syst\u00e8mes de [&hellip;]<\/p>\n","protected":false},"author":1,"featured_media":0,"parent":0,"menu_order":0,"comment_status":"closed","ping_status":"closed","template":"templates\/cadealer-elementor-full-width.php","meta":{"footnotes":""},"class_list":["post-10","page","type-page","status-publish","hentry"],"_links":{"self":[{"href":"https:\/\/kmg-auto.ma\/index.php\/wp-json\/wp\/v2\/pages\/10","targetHints":{"allow":["GET"]}}],"collection":[{"href":"https:\/\/kmg-auto.ma\/index.php\/wp-json\/wp\/v2\/pages"}],"about":[{"href":"https:\/\/kmg-auto.ma\/index.php\/wp-json\/wp\/v2\/types\/page"}],"author":[{"embeddable":true,"href":"https:\/\/kmg-auto.ma\/index.php\/wp-json\/wp\/v2\/users\/1"}],"replies":[{"embeddable":true,"href":"https:\/\/kmg-auto.ma\/index.php\/wp-json\/wp\/v2\/comments?post=10"}],"version-history":[{"count":82,"href":"https:\/\/kmg-auto.ma\/index.php\/wp-json\/wp\/v2\/pages\/10\/revisions"}],"predecessor-version":[{"id":11996,"href":"https:\/\/kmg-auto.ma\/index.php\/wp-json\/wp\/v2\/pages\/10\/revisions\/11996"}],"wp:attachment":[{"href":"https:\/\/kmg-auto.ma\/index.php\/wp-json\/wp\/v2\/media?parent=10"}],"curies":[{"name":"wp","href":"https:\/\/api.w.org\/{rel}","templated":true}]}}